Last updated on 2025-02-19 17:51:06 CET.
Flavor | Version | Tinstall | Tcheck | Ttotal | Status | Flags |
---|---|---|---|---|---|---|
r-devel-linux-x86_64-debian-clang | 1.1.26 | 16.07 | 111.76 | 127.83 | NOTE | |
r-devel-linux-x86_64-debian-gcc | 1.1.26 | 11.22 | 80.56 | 91.78 | NOTE | |
r-devel-linux-x86_64-fedora-clang | 1.1.26 | 219.51 | OK | |||
r-devel-linux-x86_64-fedora-gcc | 1.1.26 | 206.34 | OK | |||
r-devel-macos-arm64 | 1.1.26 | 64.00 | OK | |||
r-devel-macos-x86_64 | 1.1.26 | 143.00 | OK | |||
r-devel-windows-x86_64 | 1.1.26 | 16.00 | 115.00 | 131.00 | NOTE | |
r-patched-linux-x86_64 | 1.1.26 | 16.90 | 105.09 | 121.99 | OK | |
r-release-linux-x86_64 | 1.1.26 | 13.16 | 105.68 | 118.84 | OK | |
r-release-macos-arm64 | 1.1.26 | 49.00 | OK | |||
r-release-macos-x86_64 | 1.1.26 | 79.00 | OK | |||
r-release-windows-x86_64 | 1.1.26 | 15.00 | 112.00 | 127.00 | OK | |
r-oldrel-macos-arm64 | 1.1.26 | 56.00 | OK | |||
r-oldrel-macos-x86_64 | 1.1.26 | 104.00 | OK | |||
r-oldrel-windows-x86_64 | 1.1.26 | 21.00 | 151.00 | 172.00 | OK |
Version: 1.1.26
Check: Rd cross-references
Result: NOTE
Found the following Rd file(s) with Rd \link{} targets missing package
anchors:
surrosurv.Rd: optimx
Please provide package anchors for all Rd \link{} targets not in the
package itself and the base packages.
Flavors: r-devel-linux-x86_64-debian-clang, r-devel-linux-x86_64-debian-gcc, r-devel-windows-x86_64
These binaries (installable software) and packages are in development.
They may not be fully stable and should be used with caution. We make no claims about them.