CRAN Package Check Results for Package surrosurv

Last updated on 2025-10-03 17:48:48 CEST.

Flavor Version Tinstall Tcheck Ttotal Status Flags
r-devel-linux-x86_64-debian-clang 1.1.26 16.60 116.90 133.50 NOTE
r-devel-linux-x86_64-debian-gcc 1.1.26 10.16 81.29 91.45 NOTE
r-devel-linux-x86_64-fedora-clang 1.1.26 206.11 OK
r-devel-linux-x86_64-fedora-gcc 1.1.26 205.33 OK
r-devel-windows-x86_64 1.1.26 16.00 113.00 129.00 NOTE
r-patched-linux-x86_64 1.1.26 15.06 107.85 122.91 NOTE
r-release-linux-x86_64 1.1.26 15.39 108.83 124.22 NOTE
r-release-macos-arm64 1.1.26 88.00 OK
r-release-macos-x86_64 1.1.26 128.00 OK
r-release-windows-x86_64 1.1.26 16.00 115.00 131.00 NOTE
r-oldrel-macos-arm64 1.1.26 49.00 OK
r-oldrel-macos-x86_64 1.1.26 79.00 OK
r-oldrel-windows-x86_64 1.1.26 22.00 142.00 164.00 OK

Check Details

Version: 1.1.26
Check: Rd cross-references
Result: NOTE Found the following Rd file(s) with Rd \link{} targets missing package anchors: surrosurv.Rd: optimx Please provide package anchors for all Rd \link{} targets not in the package itself and the base packages. Flavors: r-devel-linux-x86_64-debian-clang, r-devel-linux-x86_64-debian-gcc, r-devel-windows-x86_64, r-patched-linux-x86_64, r-release-linux-x86_64, r-release-windows-x86_64

These binaries (installable software) and packages are in development.
They may not be fully stable and should be used with caution. We make no claims about them.