CRAN Package Check Results for Package surrosurv

Last updated on 2025-05-08 04:52:20 CEST.

Flavor Version Tinstall Tcheck Ttotal Status Flags
r-devel-linux-x86_64-debian-clang 1.1.26 14.26 112.82 127.08 NOTE
r-devel-linux-x86_64-debian-gcc 1.1.26 10.57 80.85 91.42 NOTE
r-devel-linux-x86_64-fedora-clang 1.1.26 207.53 OK
r-devel-linux-x86_64-fedora-gcc 1.1.26 208.05 OK
r-devel-windows-x86_64 1.1.26 18.00 115.00 133.00 NOTE
r-patched-linux-x86_64 1.1.26 12.68 107.98 120.66 NOTE
r-release-linux-x86_64 1.1.26 14.45 107.85 122.30 NOTE
r-release-macos-arm64 1.1.26 88.00 OK
r-release-macos-x86_64 1.1.26 128.00 OK
r-release-windows-x86_64 1.1.26 16.00 111.00 127.00 NOTE
r-oldrel-macos-arm64 1.1.26 49.00 OK
r-oldrel-macos-x86_64 1.1.26 79.00 OK
r-oldrel-windows-x86_64 1.1.26 22.00 143.00 165.00 OK

Check Details

Version: 1.1.26
Check: Rd cross-references
Result: NOTE Found the following Rd file(s) with Rd \link{} targets missing package anchors: surrosurv.Rd: optimx Please provide package anchors for all Rd \link{} targets not in the package itself and the base packages. Flavors: r-devel-linux-x86_64-debian-clang, r-devel-linux-x86_64-debian-gcc, r-devel-windows-x86_64, r-patched-linux-x86_64, r-release-linux-x86_64, r-release-windows-x86_64

These binaries (installable software) and packages are in development.
They may not be fully stable and should be used with caution. We make no claims about them.