Last updated on 2025-02-19 17:51:06 CET.
Flavor | Version | Tinstall | Tcheck | Ttotal | Status | Flags |
---|---|---|---|---|---|---|
r-devel-linux-x86_64-debian-clang | 1.0.6 | 103.09 | 132.97 | 236.06 | NOTE | |
r-devel-linux-x86_64-debian-gcc | 1.0.6 | 68.88 | 94.19 | 163.07 | NOTE | |
r-devel-linux-x86_64-fedora-clang | 1.0.6 | 419.96 | NOTE | |||
r-devel-linux-x86_64-fedora-gcc | 1.0.6 | 380.00 | NOTE | |||
r-devel-macos-arm64 | 1.0.6 | 101.00 | OK | |||
r-devel-macos-x86_64 | 1.0.6 | 158.00 | OK | |||
r-devel-windows-x86_64 | 1.0.6 | 123.00 | 160.00 | 283.00 | OK | |
r-patched-linux-x86_64 | 1.0.6 | 99.64 | 124.85 | 224.49 | NOTE | |
r-release-linux-x86_64 | 1.0.6 | 99.68 | 123.36 | 223.04 | NOTE | |
r-release-macos-arm64 | 1.0.6 | 108.00 | NOTE | |||
r-release-macos-x86_64 | 1.0.6 | 126.00 | NOTE | |||
r-release-windows-x86_64 | 1.0.6 | 116.00 | 157.00 | 273.00 | NOTE | |
r-oldrel-macos-arm64 | 1.0.6 | 118.00 | NOTE | |||
r-oldrel-macos-x86_64 | 1.0.6 | 239.00 | NOTE | |||
r-oldrel-windows-x86_64 | 1.0.6 | 151.00 | 217.00 | 368.00 | NOTE |
Version: 1.0.6
Check: top-level files
Result: NOTE
possible bashism in configure.ac line 72 (should be 'b = a'):
if test x"${PKGCONFIG}" == x"yes"; then
Flavors: r-devel-linux-x86_64-debian-clang, r-devel-linux-x86_64-debian-gcc, r-devel-linux-x86_64-fedora-clang, r-devel-linux-x86_64-fedora-gcc
Version: 1.0.6
Check: package dependencies
Result: NOTE
Package suggested but not available for checking: ‘gurobi’
Flavors: r-patched-linux-x86_64, r-release-linux-x86_64, r-release-macos-arm64, r-release-macos-x86_64, r-release-windows-x86_64, r-oldrel-macos-arm64, r-oldrel-macos-x86_64, r-oldrel-windows-x86_64
Version: 1.0.6
Check: installed package size
Result: NOTE
installed size is 10.1Mb
sub-directories of 1Mb or more:
libs 9.0Mb
Flavors: r-release-macos-arm64, r-release-macos-x86_64, r-oldrel-macos-arm64, r-oldrel-macos-x86_64
These binaries (installable software) and packages are in development.
They may not be fully stable and should be used with caution. We make no claims about them.