Last updated on 2025-05-21 21:49:32 CEST.
Flavor | Version | Tinstall | Tcheck | Ttotal | Status | Flags |
---|---|---|---|---|---|---|
r-devel-linux-x86_64-debian-clang | 0.1.1 | 37.79 | 108.40 | 146.19 | NOTE | |
r-devel-linux-x86_64-debian-gcc | 0.1.1 | 29.46 | 78.26 | 107.72 | NOTE | |
r-devel-linux-x86_64-fedora-clang | 0.1.1 | 252.97 | NOTE | |||
r-devel-linux-x86_64-fedora-gcc | 0.1.1 | 251.07 | NOTE | |||
r-devel-windows-x86_64 | 0.1.1 | 50.00 | 158.00 | 208.00 | NOTE | |
r-patched-linux-x86_64 | 0.1.1 | 37.19 | 100.10 | 137.29 | NOTE | |
r-release-linux-x86_64 | 0.1.1 | 39.79 | 100.37 | 140.16 | NOTE | |
r-release-macos-arm64 | 0.1.1 | 77.00 | NOTE | |||
r-release-macos-x86_64 | 0.1.1 | 127.00 | NOTE | |||
r-release-windows-x86_64 | 0.1.1 | 49.00 | 132.00 | 181.00 | NOTE | |
r-oldrel-macos-arm64 | 0.1.1 | 69.00 | NOTE | |||
r-oldrel-macos-x86_64 | 0.1.1 | 106.00 | NOTE | |||
r-oldrel-windows-x86_64 | 0.1.1 | 57.00 | 161.00 | 218.00 | NOTE |
Version: 0.1.1
Check: C++ specification
Result: NOTE
Specified C++11: please drop specification unless essential
Flavors: r-devel-linux-x86_64-debian-clang, r-devel-linux-x86_64-debian-gcc, r-devel-linux-x86_64-fedora-clang, r-devel-linux-x86_64-fedora-gcc, r-devel-windows-x86_64, r-patched-linux-x86_64, r-release-linux-x86_64, r-release-macos-arm64, r-release-macos-x86_64, r-release-windows-x86_64, r-oldrel-macos-arm64, r-oldrel-macos-x86_64, r-oldrel-windows-x86_64
These binaries (installable software) and packages are in development.
They may not be fully stable and should be used with caution. We make no claims about them.