Last updated on 2025-05-01 12:49:43 CEST.
Flavor | Version | Tinstall | Tcheck | Ttotal | Status | Flags |
---|---|---|---|---|---|---|
r-devel-linux-x86_64-debian-clang | 1.0.2 | 8.88 | 109.52 | 118.40 | NOTE | |
r-devel-linux-x86_64-debian-gcc | 1.0.2 | 5.95 | 78.74 | 84.69 | OK | |
r-devel-linux-x86_64-fedora-clang | 1.0.2 | 173.75 | OK | |||
r-devel-linux-x86_64-fedora-gcc | 1.0.2 | 174.99 | OK | |||
r-devel-windows-x86_64 | 1.0.2 | 11.00 | 115.00 | 126.00 | OK | |
r-patched-linux-x86_64 | 1.0.2 | 8.59 | 100.94 | 109.53 | OK | |
r-release-linux-x86_64 | OK | |||||
r-release-macos-arm64 | 1.0.2 | 56.00 | OK | |||
r-release-macos-x86_64 | 1.0.2 | 101.00 | OK | |||
r-release-windows-x86_64 | 1.0.2 | 11.00 | 111.00 | 122.00 | OK | |
r-oldrel-macos-arm64 | 1.0.2 | 56.00 | OK | |||
r-oldrel-macos-x86_64 | 1.0.2 | 82.00 | OK | |||
r-oldrel-windows-x86_64 | 1.0.2 | 13.00 | 139.00 | 152.00 | OK |
Version: 1.0.2
Check: examples
Result: NOTE
Examples with CPU (user + system) or elapsed time > 5s
user system elapsed
calculate_pvalue 4.279 0.098 5.143
tcga 4.118 0.044 5.279
Flavor: r-devel-linux-x86_64-debian-clang
These binaries (installable software) and packages are in development.
They may not be fully stable and should be used with caution. We make no claims about them.