Last updated on 2025-05-01 08:52:48 CEST.
Flavor | Version | Tinstall | Tcheck | Ttotal | Status | Flags |
---|---|---|---|---|---|---|
r-devel-linux-x86_64-debian-clang | 0.2.0 | 29.70 | 192.88 | 222.58 | NOTE | |
r-devel-linux-x86_64-debian-gcc | 0.2.0 | 24.44 | 148.50 | 172.94 | NOTE | |
r-devel-linux-x86_64-fedora-clang | 0.2.0 | 324.27 | NOTE | |||
r-devel-linux-x86_64-fedora-gcc | 0.2.0 | 354.64 | NOTE | |||
r-devel-windows-x86_64 | 0.2.0 | 38.00 | 209.00 | 247.00 | NOTE | |
r-patched-linux-x86_64 | 0.2.0 | 33.95 | 211.37 | 245.32 | NOTE | |
r-release-linux-x86_64 | NOTE | |||||
r-release-macos-arm64 | 0.2.0 | 94.00 | NOTE | |||
r-release-macos-x86_64 | 0.2.0 | 155.00 | NOTE | |||
r-release-windows-x86_64 | 0.2.0 | 41.00 | 216.00 | 257.00 | NOTE | |
r-oldrel-macos-arm64 | 0.2.0 | 80.00 | NOTE | |||
r-oldrel-macos-x86_64 | 0.2.0 | 122.00 | NOTE | |||
r-oldrel-windows-x86_64 | 0.2.0 | 43.00 | 259.00 | 302.00 | NOTE |
Version: 0.2.0
Check: C++ specification
Result: NOTE
Specified C++11: please drop specification unless essential
Flavors: r-devel-linux-x86_64-debian-clang, r-devel-linux-x86_64-debian-gcc, r-devel-linux-x86_64-fedora-clang, r-devel-linux-x86_64-fedora-gcc, r-devel-windows-x86_64, r-patched-linux-x86_64, r-release-linux-x86_64, r-release-macos-arm64, r-release-macos-x86_64, r-release-windows-x86_64, r-oldrel-macos-arm64, r-oldrel-macos-x86_64, r-oldrel-windows-x86_64
Version: 0.2.0
Check: examples
Result: NOTE
Examples with CPU (user + system) or elapsed time > 5s
user system elapsed
clc 7.692 0.117 7.326
simulate_olc 5.005 0.299 2.490
Flavor: r-devel-linux-x86_64-debian-clang
Version: 0.2.0
Check: examples
Result: NA
user system elapsed
simulate_olc 6.374 0.141 3.750
inf_tci 5.391 0.040 3.318
OK
Flavor: r-devel-linux-x86_64-debian-gcc
Version: 0.2.0
Check: dependencies in R code
Result: NOTE
Namespaces in Imports field not imported from:
‘gridExtra’ ‘reshape2’ ‘truncnorm’ ‘xtable’
All declared Imports should be used.
Flavors: r-devel-linux-x86_64-fedora-clang, r-devel-linux-x86_64-fedora-gcc
These binaries (installable software) and packages are in development.
They may not be fully stable and should be used with caution. We make no claims about them.