Last updated on 2025-02-16 08:51:03 CET.
Flavor | Version | Tinstall | Tcheck | Ttotal | Status | Flags |
---|---|---|---|---|---|---|
r-devel-linux-x86_64-debian-clang | 1.2.0 | 26.72 | 66.69 | 93.41 | OK | |
r-devel-linux-x86_64-debian-gcc | 1.2.0 | 17.47 | 48.13 | 65.60 | OK | |
r-devel-linux-x86_64-fedora-clang | 1.2.0 | 159.82 | OK | |||
r-devel-linux-x86_64-fedora-gcc | 1.2.0 | 157.49 | OK | |||
r-devel-macos-arm64 | 1.2.0 | 53.00 | OK | |||
r-devel-macos-x86_64 | 1.2.0 | 97.00 | OK | |||
r-devel-windows-x86_64 | 1.2.0 | 28.00 | 97.00 | 125.00 | OK | |
r-patched-linux-x86_64 | 1.2.0 | 26.30 | 62.95 | 89.25 | OK | |
r-release-linux-x86_64 | 1.2.0 | 26.14 | 62.84 | 88.98 | OK | |
r-release-macos-arm64 | 1.2.0 | 56.00 | NOTE | |||
r-release-macos-x86_64 | 1.2.0 | 89.00 | NOTE | |||
r-release-windows-x86_64 | 1.2.0 | 30.00 | 88.00 | 118.00 | NOTE | |
r-oldrel-macos-arm64 | 1.2.0 | 62.00 | NOTE | |||
r-oldrel-macos-x86_64 | 1.2.0 | 100.00 | NOTE | |||
r-oldrel-windows-x86_64 | 1.2.0 | 36.00 | 124.00 | 160.00 | NOTE |
Version: 1.2.0
Check: installed package size
Result: NOTE
installed size is 7.3Mb
sub-directories of 1Mb or more:
R 2.0Mb
threeBrainJS 2.9Mb
Flavors: r-release-macos-arm64, r-release-macos-x86_64, r-release-windows-x86_64, r-oldrel-macos-arm64, r-oldrel-macos-x86_64, r-oldrel-windows-x86_64
These binaries (installable software) and packages are in development.
They may not be fully stable and should be used with caution. We make no claims about them.