Last updated on 2025-05-08 04:52:21 CEST.
Flavor | Version | Tinstall | Tcheck | Ttotal | Status | Flags |
---|---|---|---|---|---|---|
r-devel-linux-x86_64-debian-clang | 1.11.6 | 18.35 | 306.68 | 325.03 | OK | |
r-devel-linux-x86_64-debian-gcc | 1.11.6 | 12.16 | 209.05 | 221.21 | OK | |
r-devel-linux-x86_64-fedora-clang | 1.11.6 | 515.03 | OK | |||
r-devel-linux-x86_64-fedora-gcc | 1.11.6 | 473.96 | OK | |||
r-devel-windows-x86_64 | 1.11.6 | 20.00 | 225.00 | 245.00 | OK | |
r-patched-linux-x86_64 | 1.11.6 | 19.81 | 288.77 | 308.58 | OK | |
r-release-linux-x86_64 | 1.11.6 | 18.53 | 286.84 | 305.37 | OK | |
r-release-macos-arm64 | 1.11.6 | 117.00 | OK | |||
r-release-macos-x86_64 | 1.11.6 | 244.00 | OK | |||
r-release-windows-x86_64 | 1.11.6 | 22.00 | 230.00 | 252.00 | OK | |
r-oldrel-macos-arm64 | 1.11.6 | 116.00 | NOTE | |||
r-oldrel-macos-x86_64 | 1.11.6 | 283.00 | NOTE | |||
r-oldrel-windows-x86_64 | 1.11.6 | 25.00 | 301.00 | 326.00 | NOTE |
Version: 1.11.6
Check: installed package size
Result: NOTE
installed size is 5.4Mb
sub-directories of 1Mb or more:
doc 4.5Mb
Flavors: r-oldrel-macos-arm64, r-oldrel-macos-x86_64, r-oldrel-windows-x86_64
These binaries (installable software) and packages are in development.
They may not be fully stable and should be used with caution. We make no claims about them.