Last updated on 2025-02-16 08:51:03 CET.
Flavor | Version | Tinstall | Tcheck | Ttotal | Status | Flags |
---|---|---|---|---|---|---|
r-devel-linux-x86_64-debian-clang | 1.11.6 | 14.84 | 296.14 | 310.98 | OK | |
r-devel-linux-x86_64-debian-gcc | 1.11.6 | 12.04 | 200.33 | 212.37 | OK | |
r-devel-linux-x86_64-fedora-clang | 1.11.6 | 516.44 | OK | |||
r-devel-linux-x86_64-fedora-gcc | 1.11.6 | 484.52 | OK | |||
r-devel-macos-arm64 | 1.11.6 | 75.00 | OK | |||
r-devel-macos-x86_64 | 1.11.6 | 244.00 | OK | |||
r-devel-windows-x86_64 | 1.11.6 | 20.00 | 223.00 | 243.00 | OK | |
r-patched-linux-x86_64 | 1.11.6 | 17.45 | 273.44 | 290.89 | OK | |
r-release-linux-x86_64 | 1.11.6 | 15.60 | 278.16 | 293.76 | OK | |
r-release-macos-arm64 | 1.11.6 | 116.00 | NOTE | |||
r-release-macos-x86_64 | 1.11.6 | 283.00 | NOTE | |||
r-release-windows-x86_64 | 1.11.6 | 18.00 | 222.00 | 240.00 | NOTE | |
r-oldrel-macos-arm64 | 1.8.1 | 128.00 | OK | |||
r-oldrel-macos-x86_64 | 1.11.6 | 215.00 | NOTE | |||
r-oldrel-windows-x86_64 | 1.11.6 | 22.00 | 241.00 | 263.00 | NOTE |
Version: 1.11.6
Check: installed package size
Result: NOTE
installed size is 5.4Mb
sub-directories of 1Mb or more:
doc 4.5Mb
Flavors: r-release-macos-arm64, r-release-macos-x86_64, r-release-windows-x86_64, r-oldrel-macos-x86_64, r-oldrel-windows-x86_64
These binaries (installable software) and packages are in development.
They may not be fully stable and should be used with caution. We make no claims about them.