CRAN Package Check Results for Package tidyseurat

Last updated on 2025-05-08 04:52:21 CEST.

Flavor Version Tinstall Tcheck Ttotal Status Flags
r-devel-linux-x86_64-debian-clang 0.8.0 28.31 272.78 301.09 NOTE
r-devel-linux-x86_64-debian-gcc 0.8.0 17.78 180.81 198.59 NOTE
r-devel-linux-x86_64-fedora-clang 0.8.0 501.85 OK
r-devel-linux-x86_64-fedora-gcc 0.8.0 461.68 OK
r-devel-windows-x86_64 0.8.0 26.00 323.00 349.00 NOTE
r-patched-linux-x86_64 0.8.0 25.81 255.16 280.97 NOTE
r-release-linux-x86_64 0.8.0 23.39 254.18 277.57 NOTE
r-release-macos-arm64 0.8.0 117.00 OK
r-release-macos-x86_64 0.8.0 237.00 OK
r-release-windows-x86_64 0.8.0 27.00 246.00 273.00 NOTE
r-oldrel-macos-arm64 0.8.0 122.00 NOTE
r-oldrel-macos-x86_64 0.8.0 184.00 OK
r-oldrel-windows-x86_64 0.8.0 38.00 323.00 361.00 OK

Check Details

Version: 0.8.0
Check: Rd cross-references
Result: NOTE Found the following Rd file(s) with Rd \link{} targets missing package anchors: formatting.Rd: tbl_format_setup Please provide package anchors for all Rd \link{} targets not in the package itself and the base packages. Flavors: r-devel-linux-x86_64-debian-clang, r-devel-linux-x86_64-debian-gcc, r-devel-windows-x86_64, r-patched-linux-x86_64, r-release-linux-x86_64, r-release-windows-x86_64

Version: 0.8.0
Check: package dependencies
Result: NOTE Package suggested but not available for checking: ‘SingleR’ Flavor: r-oldrel-macos-arm64

These binaries (installable software) and packages are in development.
They may not be fully stable and should be used with caution. We make no claims about them.