Last updated on 2024-07-27 15:50:36 CEST.
Flavor | Version | Tinstall | Tcheck | Ttotal | Status | Flags |
---|---|---|---|---|---|---|
r-devel-linux-x86_64-debian-clang | 1.1.0 | 52.77 | 560.56 | 613.33 | OK | |
r-devel-linux-x86_64-debian-gcc | 1.1.0 | OK | ||||
r-devel-linux-x86_64-fedora-clang | 1.1.0 | 598.81 | OK | |||
r-devel-linux-x86_64-fedora-gcc | 1.1.0 | 761.28 | OK | |||
r-devel-windows-x86_64 | 1.1.0 | 44.00 | 417.00 | 461.00 | OK | |
r-patched-linux-x86_64 | 1.1.0 | OK | ||||
r-release-linux-x86_64 | 1.1.0 | 34.21 | 519.75 | 553.96 | OK | |
r-release-macos-arm64 | 1.1.0 | 211.00 | NOTE | |||
r-release-macos-x86_64 | 1.1.0 | 299.00 | OK | |||
r-release-windows-x86_64 | 1.1.0 | 43.00 | 413.00 | 456.00 | OK | |
r-oldrel-macos-arm64 | 1.1.0 | 206.00 | NOTE | |||
r-oldrel-macos-x86_64 | 1.1.0 | 457.00 | OK | |||
r-oldrel-windows-x86_64 | 1.1.0 | 66.00 | 540.00 | 606.00 | OK |
Version: 1.1.0
Check: installed package size
Result: NOTE
installed size is 5.1Mb
sub-directories of 1Mb or more:
data 4.5Mb
Flavors: r-release-macos-arm64, r-oldrel-macos-arm64
These binaries (installable software) and packages are in development.
They may not be fully stable and should be used with caution. We make no claims about them.