CRAN Package Check Results for Package tigger

Last updated on 2025-07-22 13:49:26 CEST.

Flavor Version Tinstall Tcheck Ttotal Status Flags
r-devel-linux-x86_64-debian-clang 1.1.0 48.22 462.80 511.02 OK
r-devel-linux-x86_64-debian-gcc 1.1.0 32.31 350.19 382.50 OK
r-devel-linux-x86_64-fedora-clang 1.1.0 775.65 OK
r-devel-linux-x86_64-fedora-gcc 1.1.0 771.50 OK
r-devel-windows-x86_64 1.1.0 45.00 434.00 479.00 OK
r-patched-linux-x86_64 1.1.0 42.15 439.49 481.64 OK
r-release-linux-x86_64 1.1.0 44.15 444.35 488.50 OK
r-release-macos-arm64 1.1.0 220.00 OK
r-release-macos-x86_64 1.1.0 433.00 OK
r-release-windows-x86_64 1.1.0 44.00 427.00 471.00 OK
r-oldrel-macos-arm64 1.1.0 211.00 NOTE
r-oldrel-macos-x86_64 1.1.0 299.00 OK
r-oldrel-windows-x86_64 1.1.0 65.00 542.00 607.00 OK

Check Details

Version: 1.1.0
Check: installed package size
Result: NOTE installed size is 5.1Mb sub-directories of 1Mb or more: data 4.5Mb Flavor: r-oldrel-macos-arm64

These binaries (installable software) and packages are in development.
They may not be fully stable and should be used with caution. We make no claims about them.