Last updated on 2025-05-21 19:53:30 CEST.
Flavor | Version | Tinstall | Tcheck | Ttotal | Status | Flags |
---|---|---|---|---|---|---|
r-devel-linux-x86_64-debian-clang | 1.1.0 | 48.83 | 462.44 | 511.27 | OK | |
r-devel-linux-x86_64-debian-gcc | 1.1.0 | 33.18 | 347.28 | 380.46 | OK | |
r-devel-linux-x86_64-fedora-clang | 1.1.0 | 791.66 | OK | |||
r-devel-linux-x86_64-fedora-gcc | 1.1.0 | 782.06 | OK | |||
r-devel-windows-x86_64 | 1.1.0 | 46.00 | 445.00 | 491.00 | OK | |
r-patched-linux-x86_64 | 1.1.0 | 46.10 | 444.15 | 490.25 | OK | |
r-release-linux-x86_64 | 1.1.0 | 44.36 | 440.92 | 485.28 | OK | |
r-release-macos-arm64 | 1.1.0 | 220.00 | OK | |||
r-release-macos-x86_64 | 1.1.0 | 433.00 | OK | |||
r-release-windows-x86_64 | 1.1.0 | 45.00 | 430.00 | 475.00 | OK | |
r-oldrel-macos-arm64 | 1.1.0 | 211.00 | NOTE | |||
r-oldrel-macos-x86_64 | 1.1.0 | 299.00 | OK | |||
r-oldrel-windows-x86_64 | 1.1.0 | 65.00 | 546.00 | 611.00 | OK |
Version: 1.1.0
Check: installed package size
Result: NOTE
installed size is 5.1Mb
sub-directories of 1Mb or more:
data 4.5Mb
Flavor: r-oldrel-macos-arm64
These binaries (installable software) and packages are in development.
They may not be fully stable and should be used with caution. We make no claims about them.