Last updated on 2025-02-16 08:51:04 CET.
Flavor | Version | Tinstall | Tcheck | Ttotal | Status | Flags |
---|---|---|---|---|---|---|
r-devel-linux-x86_64-debian-clang | 2.2.3 | 8.54 | 36.90 | 45.44 | NOTE | |
r-devel-linux-x86_64-debian-gcc | 2.2.3 | 6.63 | 28.13 | 34.76 | NOTE | |
r-devel-linux-x86_64-fedora-clang | 2.2.3 | 81.13 | NOTE | |||
r-devel-linux-x86_64-fedora-gcc | 2.2.3 | 89.05 | NOTE | |||
r-devel-macos-arm64 | 2.2.3 | 35.00 | NOTE | |||
r-devel-macos-x86_64 | 2.2.3 | 90.00 | NOTE | |||
r-devel-windows-x86_64 | 2.2.3 | 13.00 | 83.00 | 96.00 | NOTE | |
r-patched-linux-x86_64 | 2.2.3 | 9.13 | 34.97 | 44.10 | NOTE | |
r-release-linux-x86_64 | 2.2.3 | 8.87 | 34.70 | 43.57 | NOTE | |
r-release-macos-arm64 | 2.2.3 | 32.00 | NOTE | |||
r-release-macos-x86_64 | 2.2.3 | 57.00 | NOTE | |||
r-release-windows-x86_64 | 2.2.3 | 14.00 | 81.00 | 95.00 | NOTE | |
r-oldrel-macos-arm64 | 2.2.3 | 104.00 | OK | |||
r-oldrel-macos-x86_64 | 2.2.3 | 105.00 | OK | |||
r-oldrel-windows-x86_64 | 2.2.3 | 12.00 | 117.00 | 129.00 | OK |
Version: 2.2.3
Check: Rd files
Result: NOTE
checkRd: (-1) parse_beast_output_files.Rd:23: Lost braces
23 | item{\code{estimates}: parameter estimates}
| ^
checkRd: (-1) parse_beast_output_files.Rd:24-28: Lost braces
24 | item{
| ^
checkRd: (-1) parse_beast_output_files.Rd:29-31: Lost braces
29 | item{\code{operators}: the BEAST2 MCMC operator
| ^
checkRd: (-1) parse_beast_posterior.Rd:28: Lost braces
28 | item{\code{estimates}: parameter estimates}
| ^
checkRd: (-1) parse_beast_posterior.Rd:29-33: Lost braces
29 | item{
| ^
Flavors: r-devel-linux-x86_64-debian-clang, r-devel-linux-x86_64-debian-gcc, r-devel-linux-x86_64-fedora-clang, r-devel-linux-x86_64-fedora-gcc, r-devel-macos-arm64, r-devel-macos-x86_64, r-devel-windows-x86_64, r-patched-linux-x86_64, r-release-linux-x86_64, r-release-macos-arm64, r-release-macos-x86_64, r-release-windows-x86_64
These binaries (installable software) and packages are in development.
They may not be fully stable and should be used with caution. We make no claims about them.