Last updated on 2024-07-27 15:50:36 CEST.
Flavor | Version | Tinstall | Tcheck | Ttotal | Status | Flags |
---|---|---|---|---|---|---|
r-devel-linux-x86_64-debian-clang | 1.1.4.3 | 38.36 | 214.33 | 252.69 | OK | |
r-devel-linux-x86_64-debian-gcc | 1.1.4.3 | NOTE | ||||
r-devel-linux-x86_64-fedora-clang | 1.1.4.3 | 318.43 | OK | |||
r-devel-linux-x86_64-fedora-gcc | 1.1.4.3 | 322.41 | OK | |||
r-devel-windows-x86_64 | 1.1.4.3 | 33.00 | 182.00 | 215.00 | NOTE | |
r-patched-linux-x86_64 | 1.1.4.3 | OK | ||||
r-release-linux-x86_64 | 1.1.4.3 | 23.80 | 205.62 | 229.42 | OK | |
r-release-macos-arm64 | 1.1.4.3 | 87.00 | OK | |||
r-release-macos-x86_64 | 1.1.4.3 | 135.00 | OK | |||
r-release-windows-x86_64 | 1.1.4.3 | 35.00 | 182.00 | 217.00 | OK | |
r-oldrel-macos-arm64 | 1.1.4.3 | 137.00 | OK | |||
r-oldrel-macos-x86_64 | 1.1.4.3 | 202.00 | OK | |||
r-oldrel-windows-x86_64 | 1.1.4.3 | 40.00 | 231.00 | 271.00 | OK |
Version: 1.1.4.3
Check: Rd cross-references
Result: NOTE
Found the following Rd file(s) with Rd \link{} targets missing package
anchors:
plotGroves.Rd: s.class
plotGrovesD3.Rd: scatterD3
plotTreeDiff.Rd: plot.phylo
Please provide package anchors for all Rd \link{} targets not in the
package itself and the base packages.
Flavors: r-devel-linux-x86_64-debian-gcc, r-devel-windows-x86_64
These binaries (installable software) and packages are in development.
They may not be fully stable and should be used with caution. We make no claims about them.