Last updated on 2025-07-04 21:50:21 CEST.
Flavor | Version | Tinstall | Tcheck | Ttotal | Status | Flags |
---|---|---|---|---|---|---|
r-devel-linux-x86_64-debian-clang | 1.1.4.3 | 29.80 | 178.77 | 208.57 | NOTE | |
r-devel-linux-x86_64-debian-gcc | 1.1.4.3 | 20.93 | 127.84 | 148.77 | NOTE | |
r-devel-linux-x86_64-fedora-clang | 1.1.4.3 | 358.26 | OK | |||
r-devel-linux-x86_64-fedora-gcc | 1.1.4.3 | 316.71 | OK | |||
r-devel-windows-x86_64 | 1.1.4.3 | 34.00 | 186.00 | 220.00 | NOTE | |
r-patched-linux-x86_64 | 1.1.4.3 | 28.01 | 168.52 | 196.53 | NOTE | |
r-release-linux-x86_64 | 1.1.4.3 | 27.54 | 165.54 | 193.08 | NOTE | |
r-release-macos-arm64 | 1.1.4.3 | 92.00 | OK | |||
r-release-macos-x86_64 | 1.1.4.3 | 181.00 | OK | |||
r-release-windows-x86_64 | 1.1.4.3 | 34.00 | 188.00 | 222.00 | NOTE | |
r-oldrel-macos-arm64 | 1.1.4.3 | 87.00 | OK | |||
r-oldrel-macos-x86_64 | 1.1.4.3 | 135.00 | OK | |||
r-oldrel-windows-x86_64 | 1.1.4.3 | 44.00 | 237.00 | 281.00 | OK |
Version: 1.1.4.3
Check: Rd cross-references
Result: NOTE
Found the following Rd file(s) with Rd \link{} targets missing package
anchors:
plotGroves.Rd: s.class
plotGrovesD3.Rd: scatterD3
plotTreeDiff.Rd: plot.phylo
Please provide package anchors for all Rd \link{} targets not in the
package itself and the base packages.
Flavors: r-devel-linux-x86_64-debian-clang, r-devel-linux-x86_64-debian-gcc, r-devel-windows-x86_64, r-patched-linux-x86_64, r-release-linux-x86_64, r-release-windows-x86_64
These binaries (installable software) and packages are in development.
They may not be fully stable and should be used with caution. We make no claims about them.