Last updated on 2025-10-23 15:50:17 CEST.
Flavor | Version | Tinstall | Tcheck | Ttotal | Status | Flags |
---|---|---|---|---|---|---|
r-devel-linux-x86_64-debian-clang | 1.70.7 | 105.21 | 154.39 | 259.60 | OK | |
r-devel-linux-x86_64-debian-gcc | 1.70.7 | 63.75 | 100.77 | 164.52 | OK | |
r-devel-linux-x86_64-fedora-clang | 1.70.7 | 660.00 | -158.10 | 501.90 | OK | |
r-devel-linux-x86_64-fedora-gcc | 1.70.7 | 279.00 | 180.11 | 459.11 | OK | |
r-devel-windows-x86_64 | 1.70.7 | 127.00 | 191.00 | 318.00 | OK | |
r-patched-linux-x86_64 | 1.70.7 | 107.68 | 144.57 | 252.25 | OK | |
r-release-linux-x86_64 | 1.70.7 | 106.19 | 143.67 | 249.86 | OK | |
r-release-macos-arm64 | 1.70.7 | 36.00 | 81.00 | 117.00 | OK | |
r-release-macos-x86_64 | 1.70.7 | 37.00 | 164.00 | 201.00 | OK | |
r-release-windows-x86_64 | 1.70.7 | 128.00 | 201.00 | 329.00 | OK | |
r-oldrel-macos-arm64 | 1.70.7 | 36.00 | 83.00 | 119.00 | NOTE | |
r-oldrel-macos-x86_64 | 1.70.7 | 36.00 | 164.00 | 200.00 | NOTE | |
r-oldrel-windows-x86_64 | 1.70.7 | 143.00 | 252.00 | 395.00 | OK |
Version: 1.70.7
Check: installed package size
Result: NOTE
installed size is 8.9Mb
sub-directories of 1Mb or more:
doc 3.1Mb
libs 5.4Mb
Flavors: r-oldrel-macos-arm64, r-oldrel-macos-x86_64
These binaries (installable software) and packages are in development.
They may not be fully stable and should be used with caution. We make no claims about them.