Last updated on 2025-05-02 04:49:50 CEST.
Flavor | Version | Tinstall | Tcheck | Ttotal | Status | Flags |
---|---|---|---|---|---|---|
r-devel-linux-x86_64-debian-clang | 1.70.5 | 59.64 | 137.25 | 196.89 | OK | |
r-devel-linux-x86_64-debian-gcc | 1.70.5 | 45.88 | 95.52 | 141.40 | OK | |
r-devel-linux-x86_64-fedora-clang | 1.70.5 | 349.75 | OK | |||
r-devel-linux-x86_64-fedora-gcc | 1.70.5 | 361.40 | OK | |||
r-devel-windows-x86_64 | 1.70.5 | 74.00 | 223.00 | 297.00 | OK | |
r-patched-linux-x86_64 | 1.70.5 | 65.55 | 131.86 | 197.41 | OK | |
r-release-linux-x86_64 | OK | |||||
r-release-macos-arm64 | 1.70.5 | 104.00 | OK | |||
r-release-macos-x86_64 | 1.70.5 | 159.00 | OK | |||
r-release-windows-x86_64 | 1.70.5 | 74.00 | 218.00 | 292.00 | OK | |
r-oldrel-macos-arm64 | 1.70.5 | 101.00 | NOTE | |||
r-oldrel-macos-x86_64 | 1.70.5 | 168.00 | NOTE | |||
r-oldrel-windows-x86_64 | 1.70.5 | 82.00 | 237.00 | 319.00 | OK |
Version: 1.70.5
Check: installed package size
Result: NOTE
installed size is 8.6Mb
sub-directories of 1Mb or more:
doc 3.1Mb
libs 5.0Mb
Flavors: r-oldrel-macos-arm64, r-oldrel-macos-x86_64
These binaries (installable software) and packages are in development.
They may not be fully stable and should be used with caution. We make no claims about them.