Last updated on 2024-07-27 15:50:36 CEST.
Flavor | Version | Tinstall | Tcheck | Ttotal | Status | Flags |
---|---|---|---|---|---|---|
r-devel-linux-x86_64-debian-clang | 1.70.4 | 78.18 | 184.89 | 263.07 | OK | |
r-devel-linux-x86_64-debian-gcc | 1.70.4 | OK | ||||
r-devel-linux-x86_64-fedora-clang | 1.70.4 | 361.92 | OK | |||
r-devel-linux-x86_64-fedora-gcc | 1.70.4 | 389.97 | OK | |||
r-devel-windows-x86_64 | 1.70.4 | 89.00 | 193.00 | 282.00 | OK | |
r-patched-linux-x86_64 | 1.70.4 | OK | ||||
r-release-linux-x86_64 | 1.70.4 | 80.29 | 193.48 | 273.77 | OK | |
r-release-macos-arm64 | 1.70.4 | 105.00 | NOTE | |||
r-release-macos-x86_64 | 1.70.4 | 296.00 | NOTE | |||
r-release-windows-x86_64 | 1.70.4 | 73.00 | 191.00 | 264.00 | OK | |
r-oldrel-macos-arm64 | 1.70.4 | 153.00 | NOTE | |||
r-oldrel-macos-x86_64 | 1.70.4 | 250.00 | NOTE | |||
r-oldrel-windows-x86_64 | 1.70.4 | 81.00 | 243.00 | 324.00 | OK |
Version: 1.70.4
Check: installed package size
Result: NOTE
installed size is 8.4Mb
sub-directories of 1Mb or more:
doc 3.1Mb
libs 4.8Mb
Flavors: r-release-macos-arm64, r-release-macos-x86_64, r-oldrel-macos-arm64, r-oldrel-macos-x86_64
These binaries (installable software) and packages are in development.
They may not be fully stable and should be used with caution. We make no claims about them.