Last updated on 2025-11-16 03:50:16 CET.
| Flavor | Version | Tinstall | Tcheck | Ttotal | Status | Flags |
|---|---|---|---|---|---|---|
| r-devel-linux-x86_64-debian-clang | 0.1.6 | 850.28 | 478.23 | 1328.51 | OK | |
| r-devel-linux-x86_64-debian-gcc | 0.1.6 | 747.21 | 424.15 | 1171.36 | OK | |
| r-devel-linux-x86_64-fedora-clang | 0.1.6 | 1680.00 | 431.61 | 2111.61 | OK | |
| r-devel-linux-x86_64-fedora-gcc | 0.1.6 | 2940.00 | -161.28 | 2778.72 | OK | |
| r-devel-windows-x86_64 | 0.1.6 | 985.00 | 650.00 | 1635.00 | OK | |
| r-patched-linux-x86_64 | 0.1.6 | 1002.87 | 555.33 | 1558.20 | OK | |
| r-release-linux-x86_64 | 0.1.6 | 1017.09 | 562.58 | 1579.67 | OK | |
| r-release-macos-arm64 | 0.1.6 | 355.00 | 436.00 | 791.00 | OK | |
| r-release-macos-x86_64 | 0.1.6 | 300.00 | 828.00 | 1128.00 | OK | |
| r-release-windows-x86_64 | 0.1.6 | 952.00 | 644.00 | 1596.00 | OK | |
| r-oldrel-macos-arm64 | 0.1.6 | 178.00 | 151.00 | 329.00 | NOTE | |
| r-oldrel-macos-x86_64 | 0.1.6 | 126.00 | 299.00 | 425.00 | NOTE | |
| r-oldrel-windows-x86_64 | 0.1.6 | 1097.00 | 826.00 | 1923.00 | NOTE |
Version: 0.1.6
Check: installed package size
Result: NOTE
installed size is 135.3Mb
sub-directories of 1Mb or more:
doc 3.9Mb
libs 130.3Mb
Flavors: r-oldrel-macos-arm64, r-oldrel-macos-x86_64, r-oldrel-windows-x86_64
Version: 0.1.6
Check: for GNU extensions in Makefiles
Result: NOTE
GNU make is a SystemRequirements.
Flavors: r-oldrel-macos-arm64, r-oldrel-macos-x86_64, r-oldrel-windows-x86_64
These binaries (installable software) and packages are in development.
They may not be fully stable and should be used with caution. We make no claims about them.