Last updated on 2024-07-27 15:50:36 CEST.
Flavor | Version | Tinstall | Tcheck | Ttotal | Status | Flags |
---|---|---|---|---|---|---|
r-devel-linux-x86_64-debian-clang | 0.1.6 | 1087.39 | 620.51 | 1707.90 | NOTE | |
r-devel-linux-x86_64-debian-gcc | 0.1.6 | NOTE | ||||
r-devel-linux-x86_64-fedora-clang | 0.1.6 | 1409.97 | NOTE | |||
r-devel-linux-x86_64-fedora-gcc | 0.1.6 | 2990.00 | NOTE | |||
r-devel-windows-x86_64 | 0.1.6 | 877.00 | 658.00 | 1535.00 | NOTE | |
r-patched-linux-x86_64 | 0.1.6 | NOTE | ||||
r-release-linux-x86_64 | 0.1.6 | 930.65 | 734.94 | 1665.59 | NOTE | |
r-release-macos-arm64 | 0.1.6 | 603.00 | NOTE | |||
r-release-macos-x86_64 | 0.1.6 | 786.00 | NOTE | |||
r-release-windows-x86_64 | 0.1.6 | 895.00 | 654.00 | 1549.00 | NOTE | |
r-oldrel-macos-arm64 | 0.1.6 | 579.00 | NOTE | |||
r-oldrel-macos-x86_64 | 0.1.6 | 947.00 | NOTE | |||
r-oldrel-windows-x86_64 | 0.1.6 | 1094.00 | 774.00 | 1868.00 | NOTE |
Version: 0.1.6
Check: for GNU extensions in Makefiles
Result: NOTE
GNU make is a SystemRequirements.
Flavors: r-devel-linux-x86_64-debian-clang, r-devel-linux-x86_64-debian-gcc, r-devel-linux-x86_64-fedora-clang, r-devel-linux-x86_64-fedora-gcc, r-devel-windows-x86_64, r-patched-linux-x86_64, r-release-linux-x86_64, r-release-macos-arm64, r-release-macos-x86_64, r-release-windows-x86_64, r-oldrel-macos-arm64, r-oldrel-macos-x86_64, r-oldrel-windows-x86_64
Version: 0.1.6
Check: installed package size
Result: NOTE
installed size is 14.5Mb
sub-directories of 1Mb or more:
doc 3.9Mb
libs 9.5Mb
Flavors: r-devel-linux-x86_64-fedora-clang, r-devel-windows-x86_64, r-release-macos-arm64, r-release-macos-x86_64, r-release-windows-x86_64, r-oldrel-macos-arm64, r-oldrel-macos-x86_64, r-oldrel-windows-x86_64
These binaries (installable software) and packages are in development.
They may not be fully stable and should be used with caution. We make no claims about them.