Last updated on 2025-05-01 08:52:49 CEST.
Flavor | Version | Tinstall | Tcheck | Ttotal | Status | Flags |
---|---|---|---|---|---|---|
r-devel-linux-x86_64-debian-clang | 1.0.2 | 10.71 | 82.55 | 93.26 | NOTE | |
r-devel-linux-x86_64-debian-gcc | 1.0.2 | 7.04 | 63.04 | 70.08 | NOTE | |
r-devel-linux-x86_64-fedora-clang | 1.0.2 | 141.32 | NOTE | |||
r-devel-linux-x86_64-fedora-gcc | 1.0.2 | 135.37 | NOTE | |||
r-devel-windows-x86_64 | 1.0.2 | 11.00 | 99.00 | 110.00 | NOTE | |
r-patched-linux-x86_64 | 1.0.2 | 10.67 | 77.93 | 88.60 | NOTE | |
r-release-linux-x86_64 | NOTE | |||||
r-release-macos-arm64 | 1.0.2 | 50.00 | NOTE | |||
r-release-macos-x86_64 | 1.0.2 | 80.00 | NOTE | |||
r-release-windows-x86_64 | 1.0.2 | 14.00 | 103.00 | 117.00 | NOTE | |
r-oldrel-macos-arm64 | 1.0.2 | 41.00 | NOTE | |||
r-oldrel-macos-x86_64 | 1.0.2 | 59.00 | NOTE | |||
r-oldrel-windows-x86_64 | 1.0.2 | 13.00 | 114.00 | 127.00 | NOTE |
Version: 1.0.2
Check: Rd files
Result: NOTE
checkRd: (-1) twosigmag.Rd:83: Lost braces in \itemize; \value handles \item{}{} directly
checkRd: (-1) twosigmag.Rd:84: Lost braces in \itemize; \value handles \item{}{} directly
checkRd: (-1) twosigmag.Rd:85: Lost braces in \itemize; \value handles \item{}{} directly
checkRd: (-1) twosigmag.Rd:86: Lost braces in \itemize; \value handles \item{}{} directly
checkRd: (-1) twosigmag.Rd:87: Lost braces in \itemize; \value handles \item{}{} directly
checkRd: (-1) twosigmag.Rd:88: Lost braces in \itemize; \value handles \item{}{} directly
checkRd: (-1) twosigmag.Rd:89: Lost braces in \itemize; \value handles \item{}{} directly
checkRd: (-1) twosigmag.Rd:90: Lost braces in \itemize; \value handles \item{}{} directly
checkRd: (-1) twosigmag.Rd:91: Lost braces in \itemize; \value handles \item{}{} directly
checkRd: (-1) twosigmag.Rd:92: Lost braces in \itemize; \value handles \item{}{} directly
checkRd: (-1) twosigmag.Rd:94: Lost braces in \itemize; \value handles \item{}{} directly
checkRd: (-1) twosigmag.Rd:95: Lost braces in \itemize; \value handles \item{}{} directly
checkRd: (-1) twosigmag.Rd:96: Lost braces in \itemize; \value handles \item{}{} directly
Flavors: r-devel-linux-x86_64-debian-clang, r-devel-linux-x86_64-debian-gcc, r-devel-linux-x86_64-fedora-clang, r-devel-linux-x86_64-fedora-gcc, r-devel-windows-x86_64, r-patched-linux-x86_64, r-release-linux-x86_64, r-release-macos-arm64, r-release-macos-x86_64, r-release-windows-x86_64, r-oldrel-macos-arm64, r-oldrel-macos-x86_64, r-oldrel-windows-x86_64
These binaries (installable software) and packages are in development.
They may not be fully stable and should be used with caution. We make no claims about them.