CRAN Package Check Results for Package twosigma

Last updated on 2025-10-24 13:49:54 CEST.

Flavor Version Tinstall Tcheck Ttotal Status Flags
r-devel-linux-x86_64-debian-clang 1.0.2 9.65 82.46 92.11 NOTE
r-devel-linux-x86_64-debian-gcc 1.0.2 6.71 60.94 67.65 NOTE
r-devel-linux-x86_64-fedora-clang 1.0.2 56.00 90.28 146.28 NOTE
r-devel-linux-x86_64-fedora-gcc 1.0.2 24.00 111.01 135.01 NOTE
r-devel-windows-x86_64 1.0.2 12.00 87.00 99.00 NOTE
r-patched-linux-x86_64 1.0.2 10.29 77.35 87.64 NOTE
r-release-linux-x86_64 1.0.2 9.85 79.58 89.43 NOTE
r-release-macos-arm64 1.0.2 7.00 43.00 50.00 NOTE
r-release-macos-x86_64 1.0.2 9.00 71.00 80.00 NOTE
r-release-windows-x86_64 1.0.2 13.00 92.00 105.00 NOTE
r-oldrel-macos-arm64 1.0.2 4.00 37.00 41.00 NOTE
r-oldrel-macos-x86_64 1.0.2 7.00 52.00 59.00 NOTE
r-oldrel-windows-x86_64 1.0.2 16.00 111.00 127.00 NOTE

Check Details

Version: 1.0.2
Check: Rd files
Result: NOTE checkRd: (-1) twosigmag.Rd:83: Lost braces in \itemize; \value handles \item{}{} directly checkRd: (-1) twosigmag.Rd:84: Lost braces in \itemize; \value handles \item{}{} directly checkRd: (-1) twosigmag.Rd:85: Lost braces in \itemize; \value handles \item{}{} directly checkRd: (-1) twosigmag.Rd:86: Lost braces in \itemize; \value handles \item{}{} directly checkRd: (-1) twosigmag.Rd:87: Lost braces in \itemize; \value handles \item{}{} directly checkRd: (-1) twosigmag.Rd:88: Lost braces in \itemize; \value handles \item{}{} directly checkRd: (-1) twosigmag.Rd:89: Lost braces in \itemize; \value handles \item{}{} directly checkRd: (-1) twosigmag.Rd:90: Lost braces in \itemize; \value handles \item{}{} directly checkRd: (-1) twosigmag.Rd:91: Lost braces in \itemize; \value handles \item{}{} directly checkRd: (-1) twosigmag.Rd:92: Lost braces in \itemize; \value handles \item{}{} directly checkRd: (-1) twosigmag.Rd:94: Lost braces in \itemize; \value handles \item{}{} directly checkRd: (-1) twosigmag.Rd:95: Lost braces in \itemize; \value handles \item{}{} directly checkRd: (-1) twosigmag.Rd:96: Lost braces in \itemize; \value handles \item{}{} directly Flavors: r-devel-linux-x86_64-debian-clang, r-devel-linux-x86_64-debian-gcc, r-devel-linux-x86_64-fedora-clang, r-devel-linux-x86_64-fedora-gcc, r-devel-windows-x86_64, r-patched-linux-x86_64, r-release-linux-x86_64, r-release-macos-arm64, r-release-macos-x86_64, r-release-windows-x86_64, r-oldrel-macos-arm64, r-oldrel-macos-x86_64, r-oldrel-windows-x86_64

These binaries (installable software) and packages are in development.
They may not be fully stable and should be used with caution. We make no claims about them.