Last updated on 2025-02-16 08:51:04 CET.
Flavor | Version | Tinstall | Tcheck | Ttotal | Status | Flags |
---|---|---|---|---|---|---|
r-devel-linux-x86_64-debian-clang | 2.1.0 | 18.18 | 134.54 | 152.72 | OK | |
r-devel-linux-x86_64-debian-gcc | 2.1.0 | 11.54 | 98.02 | 109.56 | OK | |
r-devel-linux-x86_64-fedora-clang | 2.1.0 | 256.00 | OK | |||
r-devel-linux-x86_64-fedora-gcc | 2.1.0 | 247.18 | OK | |||
r-devel-macos-arm64 | 2.1.0 | 83.00 | OK | |||
r-devel-macos-x86_64 | 2.1.0 | 175.00 | OK | |||
r-devel-windows-x86_64 | 2.1.0 | 21.00 | 156.00 | 177.00 | OK | |
r-patched-linux-x86_64 | 2.1.0 | 17.11 | 125.09 | 142.20 | OK | |
r-release-linux-x86_64 | 2.1.0 | 17.73 | 125.59 | 143.32 | OK | |
r-release-macos-arm64 | 2.1.0 | 94.00 | NOTE | |||
r-release-macos-x86_64 | 2.1.0 | 186.00 | NOTE | |||
r-release-windows-x86_64 | 2.1.0 | 20.00 | 162.00 | 182.00 | NOTE | |
r-oldrel-macos-arm64 | 2.1.0 | 92.00 | NOTE | |||
r-oldrel-macos-x86_64 | 2.1.0 | 195.00 | NOTE | |||
r-oldrel-windows-x86_64 | 2.1.0 | 26.00 | 192.00 | 218.00 | NOTE |
Version: 2.1.0
Check: installed package size
Result: NOTE
installed size is 7.2Mb
sub-directories of 1Mb or more:
doc 4.5Mb
ubinc 2.0Mb
Flavors: r-release-macos-arm64, r-release-macos-x86_64, r-release-windows-x86_64, r-oldrel-macos-arm64, r-oldrel-macos-x86_64, r-oldrel-windows-x86_64
These binaries (installable software) and packages are in development.
They may not be fully stable and should be used with caution. We make no claims about them.