Last updated on 2025-10-24 13:49:54 CEST.
| Flavor | Version | Tinstall | Tcheck | Ttotal | Status | Flags |
|---|---|---|---|---|---|---|
| r-devel-linux-x86_64-debian-clang | 2.1.0 | 18.50 | 161.24 | 179.74 | OK | |
| r-devel-linux-x86_64-debian-gcc | 2.1.0 | 11.53 | 115.54 | 127.07 | OK | |
| r-devel-linux-x86_64-fedora-clang | 2.1.0 | 94.00 | 195.90 | 289.90 | OK | |
| r-devel-linux-x86_64-fedora-gcc | 2.1.0 | 38.00 | 246.75 | 284.75 | OK | |
| r-devel-windows-x86_64 | 2.1.0 | 22.00 | 177.00 | 199.00 | OK | |
| r-patched-linux-x86_64 | 2.1.0 | 14.28 | 151.57 | 165.85 | OK | |
| r-release-linux-x86_64 | 2.1.0 | 18.58 | 150.10 | 168.68 | OK | |
| r-release-macos-arm64 | 2.1.0 | 7.00 | 70.00 | 77.00 | OK | |
| r-release-macos-x86_64 | 2.1.0 | 18.00 | 157.00 | 175.00 | OK | |
| r-release-windows-x86_64 | 2.1.0 | 24.00 | 188.00 | 212.00 | OK | |
| r-oldrel-macos-arm64 | 2.1.0 | 8.00 | 86.00 | 94.00 | NOTE | |
| r-oldrel-macos-x86_64 | 2.1.0 | 15.00 | 171.00 | 186.00 | NOTE | |
| r-oldrel-windows-x86_64 | 2.1.0 | 32.00 | 221.00 | 253.00 | NOTE |
Version: 2.1.0
Check: installed package size
Result: NOTE
installed size is 7.2Mb
sub-directories of 1Mb or more:
doc 4.5Mb
ubinc 2.0Mb
Flavors: r-oldrel-macos-arm64, r-oldrel-macos-x86_64, r-oldrel-windows-x86_64
These binaries (installable software) and packages are in development.
They may not be fully stable and should be used with caution. We make no claims about them.