Last updated on 2025-02-16 08:51:05 CET.
Flavor | Version | Tinstall | Tcheck | Ttotal | Status | Flags |
---|---|---|---|---|---|---|
r-devel-linux-x86_64-debian-clang | 0.8.3 | 90.83 | 124.07 | 214.90 | OK | |
r-devel-linux-x86_64-debian-gcc | 0.8.3 | 81.28 | 88.61 | 169.89 | OK | |
r-devel-linux-x86_64-fedora-clang | 0.8.3 | 416.83 | OK | |||
r-devel-linux-x86_64-fedora-gcc | 0.8.3 | 431.76 | OK | |||
r-devel-macos-arm64 | 0.8.3 | 98.00 | OK | |||
r-devel-macos-x86_64 | 0.8.3 | 175.00 | OK | |||
r-devel-windows-x86_64 | 0.8.3 | 100.00 | 158.00 | 258.00 | OK | |
r-patched-linux-x86_64 | 0.8.3 | 105.71 | 113.42 | 219.13 | OK | |
r-release-linux-x86_64 | 0.8.3 | 105.61 | 112.89 | 218.50 | OK | |
r-release-macos-arm64 | 0.8.3 | 103.00 | NOTE | |||
r-release-macos-x86_64 | 0.8.3 | 149.00 | NOTE | |||
r-release-windows-x86_64 | 0.8.3 | 102.00 | 160.00 | 262.00 | OK | |
r-oldrel-macos-arm64 | 0.8.3 | 98.00 | NOTE | |||
r-oldrel-macos-x86_64 | 0.8.3 | 174.00 | NOTE | |||
r-oldrel-windows-x86_64 | 0.8.3 | 131.00 | 183.00 | 314.00 | OK |
Version: 0.8.3
Check: installed package size
Result: NOTE
installed size is 7.6Mb
sub-directories of 1Mb or more:
libs 6.5Mb
Flavors: r-release-macos-arm64, r-release-macos-x86_64, r-oldrel-macos-arm64, r-oldrel-macos-x86_64
These binaries (installable software) and packages are in development.
They may not be fully stable and should be used with caution. We make no claims about them.