Last updated on 2025-07-26 01:51:08 CEST.
Flavor | Version | Tinstall | Tcheck | Ttotal | Status | Flags |
---|---|---|---|---|---|---|
r-devel-linux-x86_64-debian-clang | 0.8.4 | 93.99 | 139.25 | 233.24 | OK | |
r-devel-linux-x86_64-debian-gcc | 0.8.4 | 81.56 | 102.89 | 184.45 | OK | |
r-devel-linux-x86_64-fedora-clang | 0.8.4 | 434.14 | OK | |||
r-devel-linux-x86_64-fedora-gcc | 0.8.4 | 436.75 | OK | |||
r-devel-windows-x86_64 | 0.8.4 | 115.00 | 164.00 | 279.00 | OK | |
r-patched-linux-x86_64 | 0.8.4 | 101.15 | 130.14 | 231.29 | OK | |
r-release-linux-x86_64 | 0.8.4 | 102.66 | 131.20 | 233.86 | OK | |
r-release-macos-arm64 | 0.8.4 | 99.00 | OK | |||
r-release-macos-x86_64 | 0.8.4 | 146.00 | OK | |||
r-release-windows-x86_64 | 0.8.4 | 122.00 | 159.00 | 281.00 | OK | |
r-oldrel-macos-arm64 | 0.8.4 | 98.00 | NOTE | |||
r-oldrel-macos-x86_64 | 0.8.4 | 142.00 | NOTE | |||
r-oldrel-windows-x86_64 | 0.8.4 | 137.00 | 198.00 | 335.00 | OK |
Version: 0.8.4
Check: installed package size
Result: NOTE
installed size is 7.6Mb
sub-directories of 1Mb or more:
libs 6.5Mb
Flavors: r-oldrel-macos-arm64, r-oldrel-macos-x86_64
These binaries (installable software) and packages are in development.
They may not be fully stable and should be used with caution. We make no claims about them.