Last updated on 2025-05-08 04:52:22 CEST.
Flavor | Version | Tinstall | Tcheck | Ttotal | Status | Flags |
---|---|---|---|---|---|---|
r-devel-linux-x86_64-debian-clang | 0.7.6 | 104.56 | 58.83 | 163.39 | OK | |
r-devel-linux-x86_64-debian-gcc | 0.7.6 | 88.36 | 42.17 | 130.53 | OK | |
r-devel-linux-x86_64-fedora-clang | 0.7.6 | 273.71 | OK | |||
r-devel-linux-x86_64-fedora-gcc | 0.7.6 | 380.45 | OK | |||
r-devel-windows-x86_64 | 0.7.6 | 203.00 | 103.00 | 306.00 | OK | |
r-patched-linux-x86_64 | 0.7.6 | 120.45 | 54.30 | 174.75 | OK | |
r-release-linux-x86_64 | 0.7.6 | 121.38 | 55.18 | 176.56 | OK | |
r-release-macos-arm64 | 0.7.6 | 97.00 | OK | |||
r-release-macos-x86_64 | 0.7.6 | 138.00 | OK | |||
r-release-windows-x86_64 | 0.7.6 | 188.00 | 108.00 | 296.00 | OK | |
r-oldrel-macos-arm64 | 0.7.6 | 89.00 | NOTE | |||
r-oldrel-macos-x86_64 | 0.7.6 | 188.00 | NOTE | |||
r-oldrel-windows-x86_64 | 0.7.6 | 198.00 | 125.00 | 323.00 | NOTE |
Version: 0.7.6
Check: installed package size
Result: NOTE
installed size is 11.7Mb
sub-directories of 1Mb or more:
libs 10.5Mb
Flavors: r-oldrel-macos-arm64, r-oldrel-macos-x86_64
Version: 0.7.6
Check: for GNU extensions in Makefiles
Result: NOTE
GNU make is a SystemRequirements.
Flavors: r-oldrel-macos-arm64, r-oldrel-macos-x86_64, r-oldrel-windows-x86_64
These binaries (installable software) and packages are in development.
They may not be fully stable and should be used with caution. We make no claims about them.