CRAN Package Check Results for Package vegan

Last updated on 2025-02-02 14:48:37 CET.

Flavor Version Tinstall Tcheck Ttotal Status Flags
r-devel-linux-x86_64-debian-clang 2.6-10 37.19 280.01 317.20 OK
r-devel-linux-x86_64-debian-gcc 2.6-10 24.92 185.56 210.48 OK
r-devel-linux-x86_64-fedora-clang 2.6-10 543.77 OK
r-devel-linux-x86_64-fedora-gcc 2.6-10 518.07 OK
r-devel-windows-x86_64 2.6-10 2.00 7.00 9.00 ERROR
r-patched-linux-x86_64 2.6-10 43.63 259.35 302.98 OK
r-release-linux-x86_64 2.6-10 38.47 262.06 300.53 OK
r-release-macos-arm64 2.6-10 155.00 OK
r-release-macos-x86_64 2.6-10 264.00 OK
r-release-windows-x86_64 2.6-10 43.00 300.00 343.00 OK
r-oldrel-macos-arm64 2.6-8 154.00 OK
r-oldrel-macos-x86_64 2.6-8 319.00 OK
r-oldrel-windows-x86_64 2.6-10 45.00 313.00 358.00 OK

Check Details

Version: 2.6-10
Check: whether package can be installed
Result: ERROR Installation failed. Flavor: r-devel-windows-x86_64

These binaries (installable software) and packages are in development.
They may not be fully stable and should be used with caution. We make no claims about them.