Last updated on 2025-10-24 17:50:59 CEST.
| Flavor | Version | Tinstall | Tcheck | Ttotal | Status | Flags |
|---|---|---|---|---|---|---|
| r-devel-linux-x86_64-debian-clang | 1.0.1 | 2.68 | 106.70 | 109.38 | OK | |
| r-devel-linux-x86_64-debian-gcc | 1.0.1 | 1.69 | 76.91 | 78.60 | OK | |
| r-devel-linux-x86_64-fedora-clang | 1.0.1 | 175.35 | OK | |||
| r-devel-linux-x86_64-fedora-gcc | 1.0.1 | 169.57 | OK | |||
| r-devel-windows-x86_64 | 1.0.1 | 6.00 | 105.00 | 111.00 | OK | |
| r-patched-linux-x86_64 | 1.0.1 | 2.49 | 101.81 | 104.30 | OK | |
| r-release-linux-x86_64 | 1.0.1 | 2.93 | 101.54 | 104.47 | OK | |
| r-release-macos-arm64 | 1.0.1 | 1.00 | 45.00 | 46.00 | OK | |
| r-release-macos-x86_64 | 1.0.1 | 2.00 | 88.00 | 90.00 | OK | |
| r-release-windows-x86_64 | 1.0.1 | 6.00 | 106.00 | 112.00 | OK | |
| r-oldrel-macos-arm64 | 1.0.1 | 1.00 | 43.00 | 44.00 | NOTE | |
| r-oldrel-macos-x86_64 | 1.0.1 | 2.00 | 70.00 | 72.00 | NOTE | |
| r-oldrel-windows-x86_64 | 1.0.1 | 7.00 | 132.00 | 139.00 | NOTE |
Version: 1.0.1
Check: installed package size
Result: NOTE
installed size is 6.8Mb
sub-directories of 1Mb or more:
doc 5.4Mb
extdata 1.1Mb
Flavors: r-oldrel-macos-arm64, r-oldrel-macos-x86_64, r-oldrel-windows-x86_64
These binaries (installable software) and packages are in development.
They may not be fully stable and should be used with caution. We make no claims about them.