CRAN Package Check Results for Package xpose4

Last updated on 2025-02-16 08:51:05 CET.

Flavor Version Tinstall Tcheck Ttotal Status Flags
r-devel-linux-x86_64-debian-clang 4.7.3 21.05 176.15 197.20 NOTE
r-devel-linux-x86_64-debian-gcc 4.7.3 16.49 110.31 126.80 NOTE
r-devel-linux-x86_64-fedora-clang 4.7.3 319.92 OK
r-devel-linux-x86_64-fedora-gcc 4.7.3 316.82 OK
r-devel-macos-arm64 4.7.3 83.00 OK
r-devel-macos-x86_64 4.7.3 163.00 OK
r-devel-windows-x86_64 4.7.3 23.00 227.00 250.00 NOTE
r-patched-linux-x86_64 4.7.3 26.62 163.25 189.87 OK
r-release-linux-x86_64 4.7.3 19.28 164.57 183.85 OK
r-release-macos-arm64 4.7.3 77.00 OK
r-release-macos-x86_64 4.7.3 116.00 OK
r-release-windows-x86_64 4.7.3 24.00 226.00 250.00 OK
r-oldrel-macos-arm64 4.7.3 78.00 OK
r-oldrel-macos-x86_64 4.7.3 195.00 OK
r-oldrel-windows-x86_64 4.7.3 33.00 267.00 300.00 OK

Check Details

Version: 4.7.3
Check: Rd cross-references
Result: NOTE Found the following Rd file(s) with Rd \link{} targets missing package anchors: xpose.VPC.categorical.Rd: xyplot Please provide package anchors for all Rd \link{} targets not in the package itself and the base packages. Flavors: r-devel-linux-x86_64-debian-clang, r-devel-linux-x86_64-debian-gcc, r-devel-windows-x86_64

These binaries (installable software) and packages are in development.
They may not be fully stable and should be used with caution. We make no claims about them.