CRAN Package Check Results for Package xpose4

Last updated on 2025-07-26 07:50:38 CEST.

Flavor Version Tinstall Tcheck Ttotal Status Flags
r-devel-linux-x86_64-debian-clang 4.7.3 23.80 179.32 203.12 NOTE
r-devel-linux-x86_64-debian-gcc 4.7.3 14.27 111.19 125.46 NOTE
r-devel-linux-x86_64-fedora-clang 4.7.3 320.23 OK
r-devel-linux-x86_64-fedora-gcc 4.7.3 305.70 OK
r-devel-windows-x86_64 4.7.3 24.00 249.00 273.00 NOTE
r-patched-linux-x86_64 4.7.3 31.48 168.93 200.41 NOTE
r-release-linux-x86_64 4.7.3 19.40 172.43 191.83 NOTE
r-release-macos-arm64 4.7.3 76.00 OK
r-release-macos-x86_64 4.7.3 163.00 OK
r-release-windows-x86_64 4.7.3 24.00 236.00 260.00 NOTE
r-oldrel-macos-arm64 4.7.3 77.00 OK
r-oldrel-macos-x86_64 4.7.3 116.00 OK
r-oldrel-windows-x86_64 4.7.3 33.00 279.00 312.00 OK

Check Details

Version: 4.7.3
Check: Rd cross-references
Result: NOTE Found the following Rd file(s) with Rd \link{} targets missing package anchors: xpose.VPC.categorical.Rd: xyplot Please provide package anchors for all Rd \link{} targets not in the package itself and the base packages. Flavors: r-devel-linux-x86_64-debian-clang, r-devel-linux-x86_64-debian-gcc, r-devel-windows-x86_64, r-patched-linux-x86_64, r-release-linux-x86_64, r-release-windows-x86_64

These binaries (installable software) and packages are in development.
They may not be fully stable and should be used with caution. We make no claims about them.